 a and g.
1
Let z be (2 + 174/(-24))*-4. Suppose -183 + 57 = -z*w. Calculate the highest common factor of 42 and w.
6
Let j be ((-3)/(-15))/(-11 + (-806476)/(-73315)). What is the greatest common factor of j and 129?
43
Suppose 11*g = 574 + 1184 + 244. Calculate the greatest common divisor of g and 2821.
91
Let u be 2/(8 - (-100)/(-12)) - (-540)/2. Calculate the highest common factor of 10 and u.
2
Let d(p) = 41*p**3 + 6*p**2 - p + 10. Let m be d(7). Calculate the highest common divisor of m and 40.
40
Let u(k) = 4*k - 1. Let w be u(3). Suppose -715 = 62*p - 67*p. Calculate the highest common factor of w and p.
11
Suppose 0 = -3*j + 3*b + 21, 1 = 3*j + b - 12. Suppose 0 = j*r + 3*y + 22 - 77, 3*r - y = 47. What is the highest common factor of r and 50?
2
Let j = 8 + -4. Suppose -12 = 4*s, -j*m + 4*s + 157 = 5*s. Let z = m - 10. Calculate the highest common divisor of 10 and z.
10
Let m(v) = 2*v**2 + 10*v - 3. Let l be m(-6). Let t(w) = 6*w**2 - 37*w + 51. Let q be t(l). Calculate the greatest common divisor of q and 17.
17
Let x = 63569 - 63568. Let s be ((-2)/(-4))/((-1)/(-14)). Calculate the highest common factor of x and s.
1
Let u = 359 - 224. Suppose -y + 5*l + 131 = 106, 5*y = 2*l + 33. What is the greatest common divisor of y and u?
5
Suppose 5*t = 2*z + 98, 36 = -5*t - 3*z + 139. Calculate the greatest common factor of t and 11980.
20
Suppose 2*i + 4*k = 0, 11 = -4*i + 2*k + 1. Let b be 1 + (-1)/(i/126) + -4. Suppose 5*w - b - 45 = 0. Calculate the highest common divisor of 147 and w.
21
Let c = 3713 + 22975. What is the highest common factor of c and 48?
48
Let m = -17 - -2. Suppose -36 = 10*r - 276. Let n = r + m. What is the highest common divisor of n and 3?
3
Let c be (-6)/2 - 17/((-85)/130). Suppose 0 = 27*a - c*a - 160. What is the greatest common factor of a and 280?
40
Suppose -50*l + 2127 + 11073 = 0. What is the greatest common divisor of l and 4632?
24
Let x be (4 - -3)/1 - (-8)/(-2). Suppose 198 = 3*p + s, -2*s = p - x*s - 66. Let l = -25 - -31. Calculate the highest common factor of l and p.
6
Let l(v) = 2*v**2 - 6*v + 13. Let a be l(4). Let y be (-839)/(-5) - (5 - 104/20). Calculate the greatest common divisor of a and y.
21
Let q be 4*1796/56 - (-52)/(-182). Calculate the highest common factor of 76 and q.
4
Suppose -22 = -9*b - 2*b. Let o be ((-12)/(-16))/(b/96). What is the highest common factor of 60 and o?
12
Suppose -238*u - 2772 = -241*u. Calculate the greatest common divisor of 24 and u.
12
Suppose 3*k = g + 5404, 2*g + 1265 + 523 = k. What is the highest common divisor of 11 and k?
11
Let v = 130 - 126. Let o be (92 - -8)*(v - (1 - -2)). Let h(j) = -j**3 - 5*j**2 - 4*j. Let b be h(-5). Calculate the highest common factor of o and b.
20
Let i(u) = -26*u + 114. Let l be i(-7). Suppose l = 5*d - 1054. What is the greatest common divisor of 10 and d?
10
Let o be (-4)/8*8 + 18. Suppose q = -4*q + 10. Suppose -o + 46 = q*g. Calculate the greatest common divisor of g and 24.
8
Let h = -17253 - -17484. Calculate the greatest common divisor of h and 651.
21
Suppose -2*n + 132 + 138 = 0. Suppose 827*w - 826*w + 96 = 0. Let g = n + w. What is the highest common factor of g and 13?
13
Suppose -34*i = 28*i - 4030. Suppose -l - 1 = 5*w, -3*w - 4*l = -3*l + 1. Suppose 17*g - 16*g - 13 = w. What is the highest common factor of i and g?
13
Suppose 6*f = 4*f + 144. Suppose -4*a - 2116 = -732. Let g = a + 355. What is the highest common divisor of g and f?
9
Let m = 2494 - 2425. Calculate the highest common factor of 20217 and m.
69
Suppose 5*u + 2*t - 15711 = 5*t, -5*u + 2*t + 15714 = 0. What is the highest common divisor of u and 48?
24
Suppose 83 = -5*w + 153. Let o(v) = -4*v**2 - 3*v + 658. Let n be o(0). What is the highest common factor of n and w?
14
Let b be ((-2 - -2)/(-2))/3. Suppose b = -5*t + 21*t - 8112. Calculate the greatest common factor of 39 and t.
39
Let o be (-238)/(-17)*(4 + (-28)/8). Calculate the greatest common factor of o and 9814.
7
Let f = -10421 - -10498. What is the highest common factor of f and 23639?
77
Suppose -5*h + 0*u + 487 = -2*u, -2*u = 5*h - 503. Calculate the greatest common divisor of 144 and h.
9
Let h(l) = l**3 - 22*l**2 + 20*l + 25. Let s be h(21). Suppose 0 = -s*j + 8. Suppose j*c - 63 = -7*c. Calculate the greatest common factor of c and 1.
1
Let o(n) = 2*n**2 + 18*n + 4. Let r be o(-8). Let l be 8 - (-18)/r*-4. Calculate the highest common factor of 434 and l.
14
Suppose 394 = 5*h + v + v, -2*v - 230 = -3*h. Let i = h - 90. Let z be (-342)/i - ((-1)/(-2) + -1). What is the greatest common factor of z and 174?
29
Let m be (50 - 56) + (-31 - (-8)/4)*-60. Calculate the greatest common divisor of 102 and m.
102
Suppose 17*r + 3680 = 20*r + 2*t, 0 = r + 3*t - 1215. What is the highest common factor of 870 and r?
30
Let y be (-3)/(0 - -1) - -6. Let p be y/6*(13 + -5). Let q be (-8)/3*(-6)/p. What is the highest common factor of 16 and q?
4
Let d = -62080 - -62150. Let h(u) = 4*u**3 - u**2. Let x(z) = -z + 1. Let i be x(-1). Let m be h(i). What is the greatest common divisor of d and m?
14
Suppose 2*u = 4*w + 28, -6*w = 2*u - 3*w - 28. Suppose -3*b - 5 + u = 0. Let l be 80/38 - 4*(-10)/(-380). What is the greatest common divisor of b and l?
1
Let h = -5368 + 7211. What is the greatest common factor of h and 19?
19
Let y be (169/(-6) + (-5)/(-30))*-11. Suppose -3 = -0*f - f. Suppose -f*d = -d - 56. Calculate the highest common factor of y and d.
28
Let l(j) = -8*j**2 - 7*j + 6. Let o be l(5). Let u = -149 - o. Suppose 2*n - n = 10. Calculate the greatest common factor of n and u.
10
Let n = -13426 - -13777. Calculate the greatest common divisor of n and 4797.
117
Let l = 3912 + -3846. Calculate the highest common divisor of l and 11154.
66
Let v = 13 + -13. Suppose i - 9 - 10 = v. Let n(h) = 25*h + 946. Let a be n(-31). What is the greatest common divisor of i and a?
19
Let x = -29687 + 38160. Calculate the greatest common factor of 37 and x.
37
Suppose -30 = p - 58. Let r(s) = 10 - 3*s - 4*s + s. Let z be r(-10). Calculate the greatest common factor of p and z.
14
Let w be ((-15558)/(-264) - (-2)/(-11)) + (-33)/44. What is the greatest common divisor of 87 and w?
29
Let p(t) = 5*t**2 + t. Let s be p(1). Let k = 20587 + -20533. What is the highest common factor of k and s?
6
Let i = -84 - -88. Suppose -2*q + i*v + 18 = 0, -q = 4*v + 3 + 12. Let s be (3 - q)/((-2)/(-6)). What is the greatest common factor of 27 and s?
3
Let a be 2730238/142 + 1082/(-38411). Calculate the highest common factor of 102 and a.
51
Let a be 1/((6/(-12))/((-254)/(-4))). Let j = -123 - a. What is the greatest common factor of j and 52?
4
Let t(m) = -2*m**3 - m. Let l be t(-1). Suppose -3*q = 3*b - 120, -5*b + l*b = -q + 37. Let o = q - -6. Calculate the greatest common divisor of 15 and o.
15
Suppose 9*a - 12*a + 93 = 3*o, o = 2*a - 68. Suppose 0 = -a*t + 71 - 5. What is the greatest common divisor of t and 150?
2
Let a = -4448 + 5168. What is the greatest common factor of 160 and a?
80
Let o be (6 - (-135)/(-12))*-1252. What is the greatest common divisor of o and 21?
21
Let q be -92*8/(-16)*(-2)/(-4). Suppose 20*y = q*y - 54. What is the greatest common factor of y and 6?
6
Let k(u) = -u**2 + 6*u + 2. Let l be k(6). Let o(v) = -24894*v - 49682. Let w be o(-2). What is the greatest common divisor of l and w?
2
Let y = -371 + 397. Let x be y - ((-24)/(-3) + -4). What is the greatest common factor of x and 253?
11
Let m(a) be the first derivative of a**3/3 + 3*a**2 + 22*a - 130. Let p be m(-3). Calculate the greatest common divisor of 117 and p.
13
Suppose -18*l + 24*l - 18 = 0. Suppose 0 = -z - 4*z - 4*r + 10, -5*z + 15 = l*r. What is the greatest common factor of 114 and z?
6
Suppose -3*t - 210 = -38*t. What is the greatest common divisor of 81 and t?
3
Suppose 5*v - 212 = -27. Suppose -88 = -45*f + v*f. What is the greatest common divisor of 55 and f?
11
Suppose 44*f - 45*f + 29184 = 151*f. Suppose -4*d + 149 - 5 = 0. Calculate the greatest common divisor of f and d.
12
Let t = -98 - -103. Suppose -9*y + 13 = -t. Let j be (42/(-5))/3*(y - 32). Calculate the highest common factor of j and 24.
12
Let g(a) = a**2 - 56*a + 83. Let q be g(16). Let d = q - -560. What is the highest common divisor of 2 and d?
1
Suppos